{"id":52,"date":"2025-11-11T10:06:44","date_gmt":"2025-11-11T10:06:44","guid":{"rendered":"https:\/\/astrena.fr\/?page_id=52"},"modified":"2025-11-16T10:21:26","modified_gmt":"2025-11-16T10:21:26","slug":"contact","status":"publish","type":"page","link":"https:\/\/astrena.fr\/index.php\/contact\/","title":{"rendered":"Contact"},"content":{"rendered":"\t\t<div data-elementor-type=\"wp-page\" data-elementor-id=\"52\" class=\"elementor elementor-52\">\n\t\t\t\t<div class=\"elementor-element elementor-element-4c71e48 e-flex e-con-boxed e-con e-parent\" data-id=\"4c71e48\" data-element_type=\"container\">\n\t\t\t\t\t<div class=\"e-con-inner\">\n\t\t\t\t<div class=\"elementor-element elementor-element-1b6109f elementor-widget elementor-widget-heading\" data-id=\"1b6109f\" data-element_type=\"widget\" data-widget_type=\"heading.default\">\n\t\t\t\t\t<h2 class=\"elementor-heading-title elementor-size-default\">Contact<\/h2>\t\t\t\t<\/div>\n\t\t\t\t\t<\/div>\n\t\t\t\t<\/div>\n\t\t<div class=\"elementor-element elementor-element-c5a063b e-flex e-con-boxed e-con e-parent\" data-id=\"c5a063b\" data-element_type=\"container\">\n\t\t\t\t\t<div class=\"e-con-inner\">\n\t\t\t\t<div class=\"elementor-element elementor-element-623bae2 elementor-widget elementor-widget-text-editor\" data-id=\"623bae2\" data-element_type=\"widget\" data-widget_type=\"text-editor.default\">\n\t\t\t\t\t\t\t\t\t<p>Pour prendre contact avec notre \u00e9quipe :<\/p><p>contact[at]astrena.fr<br \/>sales[at]astrena.fr<br \/>promotion[at]astrena.fr<br \/>technique[at]astrena.fr<\/p><p>ou par t\u00e9l\u00e9phone au 01 89 16 54 88<\/p>\t\t\t\t\t\t\t\t<\/div>\n\t\t\t\t\t<\/div>\n\t\t\t\t<\/div>\n\t\t<div class=\"elementor-element elementor-element-c4ac578 e-flex e-con-boxed e-con e-parent\" data-id=\"c4ac578\" data-element_type=\"container\">\n\t\t\t\t\t<div class=\"e-con-inner\">\n\t\t\t\t<div class=\"elementor-element elementor-element-244d3e0 elementor-widget elementor-widget-spacer\" data-id=\"244d3e0\" data-element_type=\"widget\" data-widget_type=\"spacer.default\">\n\t\t\t\t\t\t\t<div class=\"elementor-spacer\">\n\t\t\t<div class=\"elementor-spacer-inner\"><\/div>\n\t\t<\/div>\n\t\t\t\t\t\t<\/div>\n\t\t\t\t\t<\/div>\n\t\t\t\t<\/div>\n\t\t\t\t<\/div>\n\t\t","protected":false},"excerpt":{"rendered":"<p>Contact Pour prendre contact avec notre \u00e9quipe : contact[at]astrena.frsales[at]astrena.frpromotion[at]astrena.frtechnique[at]astrena.fr ou par t\u00e9l\u00e9phone au 01 89 16 54 88<\/p>\n","protected":false},"author":1,"featured_media":0,"parent":0,"menu_order":0,"comment_status":"closed","ping_status":"closed","template":"","meta":{"footnotes":""},"class_list":["post-52","page","type-page","status-publish","hentry"],"yoast_head":"<!-- This site is optimized with the Yoast SEO plugin v26.3 - https:\/\/yoast.com\/wordpress\/plugins\/seo\/ -->\n<title>Contact - Astrena Distribution<\/title>\n<meta name=\"robots\" content=\"noindex, nofollow\" \/>\n<meta property=\"og:locale\" content=\"fr_FR\" \/>\n<meta property=\"og:type\" content=\"article\" \/>\n<meta property=\"og:title\" content=\"Contact - Astrena Distribution\" \/>\n<meta property=\"og:description\" content=\"Contact Pour prendre contact avec notre \u00e9quipe : contact[at]astrena.frsales[at]astrena.frpromotion[at]astrena.frtechnique[at]astrena.fr ou par t\u00e9l\u00e9phone au 01 89 16 54 88\" \/>\n<meta property=\"og:url\" content=\"https:\/\/astrena.fr\/index.php\/contact\/\" \/>\n<meta property=\"og:site_name\" content=\"Astrena Distribution\" \/>\n<meta property=\"article:modified_time\" content=\"2025-11-16T10:21:26+00:00\" \/>\n<meta name=\"twitter:card\" content=\"summary_large_image\" \/>\n<meta name=\"twitter:label1\" content=\"Dur\u00e9e de lecture estim\u00e9e\" \/>\n\t<meta name=\"twitter:data1\" content=\"1 minute\" \/>\n<script type=\"application\/ld+json\" class=\"yoast-schema-graph\">{\"@context\":\"https:\/\/schema.org\",\"@graph\":[{\"@type\":\"WebPage\",\"@id\":\"https:\/\/astrena.fr\/index.php\/contact\/\",\"url\":\"https:\/\/astrena.fr\/index.php\/contact\/\",\"name\":\"Contact - Astrena Distribution\",\"isPartOf\":{\"@id\":\"https:\/\/astrena.fr\/#website\"},\"datePublished\":\"2025-11-11T10:06:44+00:00\",\"dateModified\":\"2025-11-16T10:21:26+00:00\",\"breadcrumb\":{\"@id\":\"https:\/\/astrena.fr\/index.php\/contact\/#breadcrumb\"},\"inLanguage\":\"fr-FR\",\"potentialAction\":[{\"@type\":\"ReadAction\",\"target\":[\"https:\/\/astrena.fr\/index.php\/contact\/\"]}]},{\"@type\":\"BreadcrumbList\",\"@id\":\"https:\/\/astrena.fr\/index.php\/contact\/#breadcrumb\",\"itemListElement\":[{\"@type\":\"ListItem\",\"position\":1,\"name\":\"Accueil\",\"item\":\"https:\/\/astrena.fr\/\"},{\"@type\":\"ListItem\",\"position\":2,\"name\":\"Contact\"}]},{\"@type\":\"WebSite\",\"@id\":\"https:\/\/astrena.fr\/#website\",\"url\":\"https:\/\/astrena.fr\/\",\"name\":\"Astrena Distribution\",\"description\":\"\",\"publisher\":{\"@id\":\"https:\/\/astrena.fr\/#organization\"},\"potentialAction\":[{\"@type\":\"SearchAction\",\"target\":{\"@type\":\"EntryPoint\",\"urlTemplate\":\"https:\/\/astrena.fr\/?s={search_term_string}\"},\"query-input\":{\"@type\":\"PropertyValueSpecification\",\"valueRequired\":true,\"valueName\":\"search_term_string\"}}],\"inLanguage\":\"fr-FR\"},{\"@type\":\"Organization\",\"@id\":\"https:\/\/astrena.fr\/#organization\",\"name\":\"Astrena Distribution\",\"url\":\"https:\/\/astrena.fr\/\",\"logo\":{\"@type\":\"ImageObject\",\"inLanguage\":\"fr-FR\",\"@id\":\"https:\/\/astrena.fr\/#\/schema\/logo\/image\/\",\"url\":\"https:\/\/astrena.fr\/wp-content\/uploads\/2025\/11\/Astrena-Distribution-v4.png\",\"contentUrl\":\"https:\/\/astrena.fr\/wp-content\/uploads\/2025\/11\/Astrena-Distribution-v4.png\",\"width\":512,\"height\":512,\"caption\":\"Astrena Distribution\"},\"image\":{\"@id\":\"https:\/\/astrena.fr\/#\/schema\/logo\/image\/\"}}]}<\/script>\n<!-- \/ Yoast SEO plugin. -->","yoast_head_json":{"title":"Contact - Astrena Distribution","robots":{"index":"noindex","follow":"nofollow"},"og_locale":"fr_FR","og_type":"article","og_title":"Contact - Astrena Distribution","og_description":"Contact Pour prendre contact avec notre \u00e9quipe : contact[at]astrena.frsales[at]astrena.frpromotion[at]astrena.frtechnique[at]astrena.fr ou par t\u00e9l\u00e9phone au 01 89 16 54 88","og_url":"https:\/\/astrena.fr\/index.php\/contact\/","og_site_name":"Astrena Distribution","article_modified_time":"2025-11-16T10:21:26+00:00","twitter_card":"summary_large_image","twitter_misc":{"Dur\u00e9e de lecture estim\u00e9e":"1 minute"},"schema":{"@context":"https:\/\/schema.org","@graph":[{"@type":"WebPage","@id":"https:\/\/astrena.fr\/index.php\/contact\/","url":"https:\/\/astrena.fr\/index.php\/contact\/","name":"Contact - Astrena Distribution","isPartOf":{"@id":"https:\/\/astrena.fr\/#website"},"datePublished":"2025-11-11T10:06:44+00:00","dateModified":"2025-11-16T10:21:26+00:00","breadcrumb":{"@id":"https:\/\/astrena.fr\/index.php\/contact\/#breadcrumb"},"inLanguage":"fr-FR","potentialAction":[{"@type":"ReadAction","target":["https:\/\/astrena.fr\/index.php\/contact\/"]}]},{"@type":"BreadcrumbList","@id":"https:\/\/astrena.fr\/index.php\/contact\/#breadcrumb","itemListElement":[{"@type":"ListItem","position":1,"name":"Accueil","item":"https:\/\/astrena.fr\/"},{"@type":"ListItem","position":2,"name":"Contact"}]},{"@type":"WebSite","@id":"https:\/\/astrena.fr\/#website","url":"https:\/\/astrena.fr\/","name":"Astrena Distribution","description":"","publisher":{"@id":"https:\/\/astrena.fr\/#organization"},"potentialAction":[{"@type":"SearchAction","target":{"@type":"EntryPoint","urlTemplate":"https:\/\/astrena.fr\/?s={search_term_string}"},"query-input":{"@type":"PropertyValueSpecification","valueRequired":true,"valueName":"search_term_string"}}],"inLanguage":"fr-FR"},{"@type":"Organization","@id":"https:\/\/astrena.fr\/#organization","name":"Astrena Distribution","url":"https:\/\/astrena.fr\/","logo":{"@type":"ImageObject","inLanguage":"fr-FR","@id":"https:\/\/astrena.fr\/#\/schema\/logo\/image\/","url":"https:\/\/astrena.fr\/wp-content\/uploads\/2025\/11\/Astrena-Distribution-v4.png","contentUrl":"https:\/\/astrena.fr\/wp-content\/uploads\/2025\/11\/Astrena-Distribution-v4.png","width":512,"height":512,"caption":"Astrena Distribution"},"image":{"@id":"https:\/\/astrena.fr\/#\/schema\/logo\/image\/"}}]}},"_links":{"self":[{"href":"https:\/\/astrena.fr\/index.php\/wp-json\/wp\/v2\/pages\/52","targetHints":{"allow":["GET"]}}],"collection":[{"href":"https:\/\/astrena.fr\/index.php\/wp-json\/wp\/v2\/pages"}],"about":[{"href":"https:\/\/astrena.fr\/index.php\/wp-json\/wp\/v2\/types\/page"}],"author":[{"embeddable":true,"href":"https:\/\/astrena.fr\/index.php\/wp-json\/wp\/v2\/users\/1"}],"replies":[{"embeddable":true,"href":"https:\/\/astrena.fr\/index.php\/wp-json\/wp\/v2\/comments?post=52"}],"version-history":[{"count":10,"href":"https:\/\/astrena.fr\/index.php\/wp-json\/wp\/v2\/pages\/52\/revisions"}],"predecessor-version":[{"id":198,"href":"https:\/\/astrena.fr\/index.php\/wp-json\/wp\/v2\/pages\/52\/revisions\/198"}],"wp:attachment":[{"href":"https:\/\/astrena.fr\/index.php\/wp-json\/wp\/v2\/media?parent=52"}],"curies":[{"name":"wp","href":"https:\/\/api.w.org\/{rel}","templated":true}]}}